site number?
False
Is 53632447991 prime?
True
Is 45312009011 composite?
False
Is 744704369 prime?
False
Is 4754924789 a composite number?
True
Is 17533608251 composite?
False
Is 85732374041 a prime number?
True
Is 513879241 prime?
True
Is 2024006363 a composite number?
False
Is 71924249 a composite number?
True
Is 2415585209 prime?
True
Is 94618073749 composite?
True
Is 20149619153 a composite number?
False
Is 8964690223 prime?
False
Is 36842691631 composite?
False
Is 717747829 composite?
True
Is 997188739 a composite number?
True
Is 12027048751 prime?
False
Is 7729057283 prime?
True
Is 8101405121 a composite number?
True
Is 5359036481 composite?
True
Is 5941743817 prime?
False
Is 213953953 a prime number?
False
Is 77883787517 a prime number?
True
Is 129130847 composite?
True
Is 7561640081 a prime number?
False
Is 2704125322 a prime number?
False
Is 2013640117 composite?
True
Is 21510482471 a composite number?
False
Is 102122184419 a prime number?
True
Is 910368359 composite?
True
Is 907678379 a prime number?
False
Is 4663746449 a prime number?
True
Is 50002776487 prime?
True
Is 17115916399 composite?
False
Is 12260105419 a composite number?
False
Is 46508642093 composite?
False
Is 7900933409 a prime number?
True
Is 2871879299 prime?
True
Is 838420643 a composite number?
False
Is 14594763901 composite?
True
Is 1582154239 a prime number?
True
Is 170908163 composite?
False
Is 1408925761 a prime number?
True
Is 585390997 composite?
False
Is 878024681 a composite number?
False
Is 5902560809 prime?
True
Is 3066688211 composite?
False
Is 3118111753 prime?
True
Is 3783404377 a composite number?
False
Is 32836764923 composite?
True
Is 6279893 a composite number?
False
Is 982770419 composite?
True
Is 24395395001 composite?
False
Is 293841366227 prime?
True
Is 192696050641 a prime number?
True
Is 17510231 a prime number?
False
Is 59654197731 a composite number?
True
Is 1759780543 prime?
True
Is 9285952931 prime?
False
Is 7142215351 a composite number?
False
Is 15327724507 a composite number?
False
Is 16304073343 a prime number?
True
Is 721213631 composite?
False
Is 151111637 composite?
True
Is 1754959847 a composite number?
False
Is 15250789117 composite?
True
Is 5614784443 a prime number?
True
Is 90785069 composite?
False
Is 91088687 prime?
True
Is 951002053 prime?
False
Is 21645577021 a prime number?
False
Is 20280639227 a prime number?
True
Is 83478858871 prime?
True
Is 18740932981 prime?
True
Is 3029626357 a prime number?
False
Is 5183485501 a prime number?
True
Is 3883913081 composite?
True
Is 1265880787 a prime number?
False
Is 9640006793 prime?
True
Is 78266228543 prime?
False
Is 717111793 prime?
True
Is 668530549 a composite number?
True
Is 3457151 a prime number?
False
Is 22309219993 a composite number?
True
Is 26211345197 a prime number?
True
Is 90597811741 a prime number?
False
Is 1663194527 composite?
False
Is 10038799597 a composite number?
True
Is 2328981047 a prime number?
False
Is 1427185993 a composite number?
False
Is 1340986841 prime?
True
Is 47281192051 a composite number?
False
Is 1048676107 prime?
True
Is 6693485297 composite?
True
Is 60836256827 prime?
True
Is 46535083057 a prime number?
False
Is 1604309683 composite?
False
Is 264149581413 prime?
False
Is 637996271 a composite number?
True
Is 20707061 a prime number?
False
Is 1067143043 prime?
False
Is 1131546139 composite?
True
Is 60275700647 composite?
True
Is 7971195709 a composite number?
True
Is 507878219 composite?
False
Is 10004115449 prime?
False
Is 8573980711 composite?
False
Is 31048740017 a composite number?
False
Is 18723988889 a composite number?
False
Is 87030017 prime?
True
Is 30218508767 a prime number?
True
Is 1470520747 a prime number?
False
Is 115427219 a prime number?
False
Is 1525141559 prime?
True
Is 869031571 a composite number?
False
Is 23748232117 a composite number?
False
Is 2130846423 composite?
True
Is 3217710091 composite?
True
Is 39366336631 prime?
False
Is 5173219081 a prime number?
False
Is 16827241399 composite?
True
Is 176945473186 a composite number?
True
Is 655627547 prime?
False
Is 4825726159 a prime number?
True
Is 20682016793 a composite number?
False
Is 1651348327 composite?
True
Is 86275586267 a composite number?
True
Is 3268965163 prime?
False
Is 10617899087 composite?
False
Is 17993759057 a composite number?
True
Is 2053242649 composite?
True
Is 785217517 prime?
False
Is 2039558009 composite?
False
Is 70909369723 a composite number?
True
Is 990491039 a composite number?
False
Is 3429421399 a prime number?
False
Is 14009395441 prime?
False
Is 2894798089 a prime number?
True
Is 103896539 a prime number?
False
Is 69506651 a prime number?
True
Is 3477492919 a composite number?
True
Is 14220226283 a composite number?
True
Is 315947221 composite?
True
Is 214325954599 prime?
True
Is 5407722727 a composite number?
True
Is 1497405359 composite?
False
Is 91883570029 a composite number?
False
Is 195327479 a composite number?
False
Is 20077126331 a composite number?
False
Is 5327425681 a composite number?
True
Is 33145125851 prime?
True
Is 6529121 prime?
True
Is 1774938457 a composite number?
False
Is 77661406937 a prime number?
False
Is 14182417027 prime?
False
Is 6889462463 composite?
True
Is 106595935559 composite?
False
Is 3874210855 composite?
True
Is 93887923267 a prime number?
True
Is 4657148617 a prime number?
False
Is 531165251 a composite number?
True
Is 4978627187 a prime number?
False
Is 73567149083 a prime number?
True
Is 1034741893 prime?
True
Is 22874229467 prime?
True
Is 43492363 a prime number?
True
Is 12848408201 composite?
True
Is 202384307 composite?
True
Is 151344799 prime?
True
Is 137712863479 a composite number?
True
Is 687130043 a prime number?
False
Is 158755771 prime?
True
Is 5155617997 a prime number?
False
Is 2819049593 composite?
True
Is 69839028262 composite?
True
Is 797959781 a composite number?
False
Is 726250103 composite?
True
Is 385891489 prime?
False
Is 5707232357 prime?
True
Is 373335881 prime?
False
Is 112233601 prime?
False
Is 234593307077 a composite number?
False
Is 1311421 a composite number?
True
Is 22188882083 a composite number?
True
Is 56183690833 composite?
True
Is 7719331583 a prime number?
True
Is 2444446283 prime?
False
Is 3074421223 composite?
True
Is 17324477 composite?
True
Is 348927017 a prime number?
True
Is 14958636287 a prime number?
False
Is 498997927 a composite number?
False
Is 7185665561 prime?
False
Is 545901085 composite?
True
Is 72129899 a composite number?
False
Is 259111627 a composite number?
False
Is 3025758313 composite?
True
Is 13583505449 a prime number?
True
Is 73767435619 a composite number?
True
Is 2788773473 composite?
True
Is 10127887883 prime?
True
Is 577229149 composite?
True
Is 1402493689 prime?
False
Is 4278993701 prime?
False
Is 1299441041 prime?
False
Is 78377437 composite?
False
Is 38341338851 composite?
False
Is 1339346311 composite?
True
Is 46947542051 composite?
False
Is 8487785057 a prime number?
False
Is 9821632307 a prime number?
False
Is 4032090319 prime?
False
Is 108618271 prime?
True
Is 36415221413 a prime number?
True
Is 98693517287 composite?
True
Is 31439240849 a prime number?
True
Is 11689681387 prime?
False
Is 106529833 composite?
False
Is 23193512647 prime?
True
Is 658007563 a prime number?
False
Is 18224237417 a composite number?
True
Is 3251214073 a prime number?
True
Is 24363775385 prime?
False
Is 262539188435 a prime number?
False
Is 138699929821 prime?
False
Is 23322810163 a composite number?
False
Is 22641783491 composite?
True
Is 15119042689 composite?
True
Is 2139188657 a prime number?
False
Is 83572873 a composite number?
True
Is 884922019 a prime number?
True
Is 83276191613 composite?
True
Is 752602919 a composite number?
False
Is 380737011 prime?
False
Is 2155992313 composite?
True
Is 261609533 composite?
True
Is 15505793 composite?
False
Is 54824094337 composite?
False
Is 28065531029 a composite number?
False
Is 35303046257 prime?
False
Is 5411321857 a composite number?
False
Is 533717869 prime?
False
Is 1343093989 composite?
True
Is 576353447 prime?
True
Is 444442787 a composite number?
False
Is 10770906323 a prime number?
True
Is 38015989 a composite number?
True
Is 482543401 composite?
True
Is 21836220689 a prime number?
True
Is 33094